actor of 72 and 6504.
24
What is the highest common factor of 1576 and 20816?
8
Calculate the highest common factor of 5689 and 4.
1
What is the highest common divisor of 275124 and 7878?
606
What is the highest common divisor of 216 and 104472?
72
Calculate the highest common factor of 4568 and 40.
8
What is the greatest common factor of 67011 and 63?
21
Calculate the greatest common factor of 16654 and 44.
22
Calculate the highest common factor of 1977 and 1060331.
659
What is the greatest common divisor of 2377665 and 135?
45
What is the highest common factor of 176 and 7173936?
176
What is the greatest common factor of 170 and 596003?
17
Calculate the greatest common factor of 160 and 5952.
32
What is the greatest common factor of 10 and 106590?
10
Calculate the highest common factor of 744 and 12216.
24
Calculate the greatest common factor of 145 and 5806090.
145
What is the highest common divisor of 13812 and 96?
12
What is the greatest common factor of 8080 and 5040?
80
Calculate the greatest common divisor of 32861 and 85.
17
What is the highest common divisor of 19 and 485849?
19
Calculate the highest common divisor of 12 and 8286.
6
What is the highest common divisor of 21276 and 301804?
788
Calculate the highest common factor of 44767 and 503.
503
Calculate the highest common factor of 73172 and 132.
44
Calculate the highest common divisor of 134508 and 132.
132
What is the highest common factor of 101220 and 5?
5
Calculate the greatest common factor of 2323848 and 12.
12
Calculate the highest common factor of 1800 and 1356.
12
Calculate the highest common divisor of 301171 and 208.
13
What is the highest common factor of 1742 and 936?
26
What is the highest common factor of 9553 and 4427?
233
Calculate the greatest common factor of 207825 and 187.
17
Calculate the highest common factor of 394 and 12.
2
What is the greatest common divisor of 2846 and 3430853?
1423
What is the highest common factor of 21168 and 6792?
24
Calculate the highest common divisor of 7550 and 7399.
151
Calculate the greatest common divisor of 40584 and 2736.
456
What is the greatest common factor of 6100 and 7800?
100
Calculate the highest common factor of 1824 and 117002.
38
What is the greatest common factor of 567 and 1848?
21
Calculate the highest common factor of 1197232 and 16.
16
What is the greatest common factor of 1527710 and 6810?
2270
What is the greatest common factor of 325 and 112645?
65
What is the highest common divisor of 904389 and 9?
3
Calculate the greatest common divisor of 47242 and 11362.
598
What is the highest common factor of 789117 and 53?
53
What is the greatest common factor of 36480 and 456?
456
What is the highest common divisor of 229905 and 4914?
351
What is the greatest common divisor of 47401 and 214?
107
Calculate the greatest common factor of 918372 and 3.
3
Calculate the highest common divisor of 1507710 and 90.
30
Calculate the highest common factor of 3647100 and 20.
20
Calculate the highest common divisor of 3472384 and 8.
8
Calculate the greatest common divisor of 1252 and 342109.
313
Calculate the greatest common factor of 488 and 13847.
61
What is the highest common divisor of 5107248 and 144?
144
What is the highest common factor of 11792 and 875824?
1072
What is the greatest common divisor of 105312 and 464?
16
Calculate the greatest common factor of 90 and 436.
2
What is the highest common divisor of 35785 and 85?
85
What is the greatest common factor of 684 and 9709?
19
Calculate the highest common factor of 36 and 1958916.
12
What is the highest common factor of 512465 and 255?
85
What is the highest common divisor of 806166 and 54?
54
What is the greatest common divisor of 10686 and 18358?
274
What is the greatest common divisor of 398574 and 36?
18
Calculate the greatest common divisor of 2765 and 360.
5
Calculate the highest common factor of 57 and 9735657.
57
Calculate the greatest common divisor of 5480 and 69800.
40
What is the greatest common divisor of 345150 and 4275?
225
What is the highest common factor of 1023 and 4557?
93
Calculate the highest common divisor of 55037 and 893.
47
What is the greatest common factor of 375 and 136050?
75
What is the greatest common factor of 179010 and 18?
18
What is the greatest common factor of 704 and 175648?
352
Calculate the highest common factor of 182 and 18304.
26
Calculate the greatest common divisor of 106 and 152587.
53
Calculate the highest common factor of 116 and 124736.
4
What is the highest common divisor of 20241 and 351?
117
What is the highest common divisor of 139264 and 51?
17
Calculate the highest common factor of 24 and 39801.
3
Calculate the highest common divisor of 15776 and 832.
32
What is the greatest common divisor of 6146 and 2620830?
878
What is the greatest common divisor of 82746 and 27?
9
What is the greatest common factor of 1020 and 1884?
12
Calculate the highest common factor of 90 and 1570.
10
Calculate the greatest common divisor of 610445 and 3025.
605
What is the greatest common divisor of 15425 and 1851?
617
Calculate the highest common divisor of 115 and 966.
23
What is the highest common divisor of 1547 and 16289?
91
Calculate the greatest common divisor of 2852 and 2356.
124
What is the highest common divisor of 765 and 755973?
153
Calculate the highest common divisor of 740 and 22060.
20
What is the greatest common divisor of 17631 and 81?
27
Calculate the highest common factor of 64 and 77752.
8
Calculate the greatest common divisor of 174293 and 735.
49
Calculate the greatest common factor of 9072 and 94500.
756
What is the greatest common factor of 325 and 329225?
325
Calculate the highest common factor of 1324 and 10193476.
1324
Calculate the greatest common factor of 104253 and 228.
57
What is the greatest common divisor of 196 and 10066?
14
What is the highest common factor of 555 and 26804835?
555
What is the highest common divisor of 30337 and 69?
23
Calculate the greatest common divisor of 401031 and 81.
81
Calculate the greatest common divisor of 385743 and 213.
213
Calculate the greatest common divisor of 2581 and 11570.
89
Calculate the highest common divisor of 176 and 721534.
22
What is the highest common factor of 345 and 122199?
69
Calculate the highest common divisor of 388 and 3883783.
97
What is the highest common factor of 133830 and 10?
10
Calculate the highest common divisor of 11128 and 139528.
856
Calculate the highest common divisor of 1980 and 7173.
9
What is the greatest common factor of 92792 and 280?
56
What is the greatest common divisor of 814 and 7282?
22
Calculate the greatest common factor of 443 and 9.
1
What is the greatest common factor of 150 and 11340?
30
What is the highest common divisor of 3 and 19875?
3
What is the greatest common factor of 741 and 914147?
247
What is the greatest common factor of 680 and 47872?
136
Calculate the greatest common divisor of 6962 and 2714.
118
Calculate the greatest common divisor of 570 and 1830.
30
Calculate the highest common divisor of 150 and 189225.
75
Calculate the highest common divisor of 2461 and 1863.
23
What is the highest common divisor of 290 and 103095?
145
Calculate the highest common divisor of 821417 and 11672.
1459
Calculate the highest common factor of 34552 and 1344.
56
What is the highest common divisor of 1916902 and 26?
26
What is the greatest common factor of 25265 and 1054?
31
What is the greatest common factor of 7206 and 522?
6
Calculate the greatest common divisor of 472 and 3144.
8
Calculate the greatest common divisor of 153 and 45169.
17
Calculate the highest common factor of 496300 and 1400.
700
What is the greatest common factor of 129 and 8858?
43
What is the highest common divisor of 1135 and 101469?
227
What is the highest common divisor of 426342 and 84?
42
What is the highest common factor of 34896 and 288?
48
What is the greatest common divisor of 767 and 31211?
59
Calculate the greatest common divisor of 550716 and 24.
12
What is the greatest common divisor of 80359 and 4075?
163
Calculate the greatest common divisor of 312 and 432393.
39
What is the greatest common factor of 143 and 1807?
13
What is the greatest common divisor of 5706720 and 432?
432
What is the greatest common divisor of 13224 and 44